 3*x - 70. Suppose -3*n + 6*n = 141. Let g = n - x. What is the remainder when 85 is divided by g?
25
Suppose -2*v - v + 5*t + 638 = 0, -4*t + 1088 = 5*v. Let h = -196 + 203. Suppose v = u + h*u. Calculate the remainder when u is divided by 15.
12
Suppose -4*c - 5*u = 245, 4*c - 5*c - 58 = -2*u. Let d = -2 + c. Let x = -13 - d. What is the remainder when x is divided by 17?
15
Let d = -416 + 766. Suppose 3*l - 2*s - 371 = -2*l, 5*s - d = -5*l. What is the remainder when l is divided by 7?
3
Let p(g) = g**2 - g + 16. Let b(o) = 13*o + 35. Let h be b(-3). What is the remainder when 214 is divided by p(h)?
34
Let y(h) = -2*h**2 - 22. Let q be y(-8). Suppose c + 14 + 33 = 0. Let k = c - q. What is the remainder when k is divided by 35?
33
Suppose -5*b + 5*x + 170 = 0, b - 2*b = -2*x - 39. Let p = -140 - -150. Suppose -p*i + i + 774 = 0. What is the remainder when i is divided by b?
28
Suppose -66 = -2*d + 2*i, -5*i + i + 8 = 0. What is the remainder when (-469)/(-5) + d/175 is divided by 32?
30
Suppose 3 = -5*p + 6*p. Suppose 3*q = -q + 20, -n = p*q - 15. Suppose n = -12*b + 5*b + 483. Calculate the remainder when b is divided by 18.
15
Let l = 164 + -41. Let w(k) = -2*k**2 - 7*k + 9. Let n be w(-4). Suppose 8 = -2*b, -5*b + 17 = 2*t - n. What is the remainder when l is divided by t?
18
Let w = 26 + 20. Suppose 2*f - 5*t = w, 4*f - 2 - 90 = -t. Let s = f + -6. Calculate the remainder when 66 is divided by s.
15
Suppose 3*p - 5 = 2*p. Suppose -114*f = -118*f + 96. Calculate the remainder when f is divided by p.
4
Let p = 3 - -104. Let i(z) = -z + 14. Let o = 25 + -38. Calculate the remainder when p is divided by i(o).
26
Let n = 8 - -14. Let b = 39 + n. Let h = b + -48. What is the remainder when 51 is divided by h?
12
Let a be -6 - -4 - 12*(-31908)/(-16). Calculate the remainder when (-10)/(-8) + a/(-364) is divided by 28.
11
Let q be (0 + 4/2)*(-24)/(-24). Suppose q*h - 4*h + r + 235 = 0, 2*h - 233 = 3*r. Calculate the remainder when h is divided by 6.
4
Suppose p + 839 = 832, 5*v + p - 2158 = 0. What is the remainder when v is divided by 57?
34
Let t(m) = -16*m + 95. Let l be t(24). Let w = l - -326. What is the remainder when w is divided by 17?
3
Suppose 305 = -5*b + 330. Calculate the remainder when 14/(-3)*3*-2 is divided by b.
3
Let x be 27/72 + (-53)/(-8). Let f be x - -1 - (1 - 5). Calculate the remainder when (-3 + f - -2) + -3 is divided by 4.
0
Calculate the remainder when (-1)/((-7)/959) + 10 is divided by 84.
63
Suppose -560*r + 561*r - 156 = 3*q, 5*r + 3*q - 870 = 0. What is the remainder when 512 is divided by r?
170
Let t(k) = k**2 + 28*k + 129. What is the remainder when 854 is divided by t(-24)?
29
Let a = -18612 + 21250. What is the remainder when a is divided by 65?
38
Let v(o) = o - 8. Let a(k) = -k - 9. Let h be (-6)/8*16/(-6). Let s(n) = h*v(n) - 3*a(n). What is the remainder when 31 is divided by s(0)?
9
Let h be 14/(-8) + (-2)/8. Suppose 0*u - 40*u = -1843 - 1477. Calculate the remainder when (h - -5) + 0 + u is divided by 18.
14
Calculate the remainder when 5/(-8) + 163450/400 is divided by 398.
10
Suppose p = -4*z + 495, z - 108 = 5*p + 21. Suppose -4*j + 19 = a, -5*a + 39 = 3*j - z. What is the remainder when 138 is divided by a?
33
Suppose k + 25 = -20. Let a = 94 + k. What is the remainder when 97 is divided by a?
48
Let f = 86 - -58. Suppose -t - 3*t + f = 0. Suppose -2*u + 32 = -4*m, u - 3*m = 3*u - 25. What is the remainder when t is divided by u?
8
Let z = 1223 + -1176. What is the remainder when 1362 is divided by z?
46
Let c(x) = -38*x + 230. Let u = 287 + -281. Calculate the remainder when 98 is divided by c(u).
0
Let y(o) = -123*o + 3. Let q be y(2). Let t = q + 347. Let k = -72 + t. Calculate the remainder when k is divided by 17.
15
Let y = 48 + -1. Let r be ((-168)/(-49))/(2/14). Suppose 6*q = r + 126. Calculate the remainder when y is divided by q.
22
Suppose -7 = -3*j + 8*j + 3*y, -4*j + 5*y = 13. Calculate the remainder when (131 - (2 + j))/(5 - 4) is divided by 34.
29
Suppose -16*b + z + 4488 = -13*b, -b + 1510 = -5*z. What is the remainder when b is divided by 182?
39
Let o = 190 - -282. Suppose 6*j - 4*j = o. What is the remainder when j is divided by 17?
15
Suppose -37*q = -84 - 323. What is the remainder when 769 is divided by q?
10
Let p(j) = -2*j**3 + 199*j**2 - 107*j + 1047. Calculate the remainder when 488 is divided by p(99).
233
Suppose -3*v + 30 = z, 2*z - 25 = -3*v + 32. Let g = 25 - z. What is the remainder when -1 + g - -2 - -39 is divided by 20?
18
What is the remainder when 320 + 0 - (56/14 + -7) is divided by 70?
43
Let v(q) = -21*q + 56. Let i be v(6). Let m = i - -77. Let c = -117 + 191. What is the remainder when c is divided by m?
4
Suppose -6*h + 2*h + 40 = 3*f, 3*h + f - 25 = 0. Suppose -5*n - 3*x + 449 = 0, -4*n + 2*x + 367 = h*x. What is the remainder when n is divided by 6?
4
Suppose -701*b + 119508 = -609*b. What is the remainder when b is divided by 31?
28
Suppose 23*z + 64*z - 5874 = -2*z. Suppose 4*o + 4*u - 42 = 2*o, o = 3*u + 16. What is the remainder when z is divided by o?
9
Let n(g) = 2*g**3 + 25*g**2 + 103*g + 38. Let s be n(-44). What is the remainder when (-2)/20 + (s/60)/(-7) is divided by 101?
99
Let x = -52 + -265. Let m = -303 - x. Calculate the remainder when 69 is divided by m.
13
Let v = 10488 - 10440. Calculate the remainder when 9551 is divided by v.
47
Suppose 1254 = 36810*y - 36788*y. What is the remainder when 454 is divided by y?
55
Suppose 10*n - 276 = -2*l + 6*n, -5*l + 750 = -2*n. Calculate the remainder when l is divided by 25.
23
Let y(n) = -3*n - 20. Let d be y(0). Let p(j) = 19*j**2 - 4*j - 1. Calculate the remainder when p(3) is divided by (-1)/1*((-8)/(-2) + d).
14
Let f(m) = 2*m**3 + 34*m**2 - 3*m + 41. Let i be f(-17). Suppose 412 = 8*u - i. What is the remainder when u is divided by 39?
24
Let w(c) be the first derivative of -c**3/3 - 9*c**2 - 21*c + 112. Let y(k) = -k**2 + 8*k. What is the remainder when w(-15) is divided by y(7)?
3
Suppose 38 + 76 = -d. Let s = d - -252. What is the remainder when s is divided by 28?
26
Let m(o) = 9*o**2 + o + 1. Let z be 1*(0 + (3/(-1) - 0)). Let v be (2 - z/(-1))/(0 + 1). Calculate the remainder when 12 is divided by m(v).
3
Suppose -17*d = -22*d - 4*b + 255, 2*b - 480 = -10*d. Calculate the remainder when 80 is divided by d.
33
Let t = 70 + -42. Calculate the remainder when (-2)/(-8 - 2672/(-332))*-2 is divided by t.
27
Let r(s) = 3*s**2 - 5*s - 4. Let v = 111 + -108. Calculate the remainder when 45 is divided by r(v).
5
Suppose -d = -5*t + 25, -3*d + 5*t - 2*t = 135. Let z = -87 - -46. Let l = z - d. What is the remainder when l is divided by 2?
1
Let k = 14070 + -14044. Calculate the remainder when 1858 is divided by k.
12
Let p(m) = -45*m**2 + 584*m - 42. What is the remainder when p(12) is divided by 168?
150
Let n(a) = -a**3 - 4*a**2 - 2*a + 5. Let z = 7 + -28. Let v be (-31)/7 - -1*(-9)/z. Calculate the remainder when 25 is divided by n(v).
12
Suppose -4*r = -20*w + 21*w - 32, 4*r = -3*w + 48. Calculate the remainder when 1*5*(-3 + 17) is divided by w.
6
Let y(n) = 5*n**3 + 6*n**2 - 9*n + 456. Suppose -3*w = -5*f + 139 + 161, -5*f + w + 300 = 0. Calculate the remainder when f is divided by y(-5).
8
Let s = -21539 - -21621. What is the remainder when 270 is divided by s?
24
Let v(i) = -i**3 - i**2 + i + 116. Let t be v(0). Let q = t - 31. Let w = -75 + 104. What is the remainder when q is divided by w?
27
Suppose -15971*v + 15985*v = 3752. What is the remainder when v is divided by 258?
10
Let n = -10587 - -10650. What is the remainder when 188 is divided by n?
62
Let l = -172 - -431. Let b = -473 - -539. What is the remainder when l is divided by b?
61
Let w(p) be the first derivative of -p**4/4 - 17*p**3/3 + 33*p**2/2 + 3*p + 14. What is the remainder when w(-19) is divided by 26?
20
Calculate the remainder when ((864/7)/(-12))/((3/(-126))/1) is divided by 183.
66
What is the remainder when ((-5)/(-4)*(-10)/75)/((-5)/15630) is divided by 17?
11
Suppose -4*k + k = -2*h + 242, 2*h - k = 234. What is the remainder when h is divided by (5 - 15) + 12 - -28?
25
Calculate the remainder when 503 is divided by 3/(-12)*(-19 + -9).
6
Let z = -151 - -222. Suppose -2*y + 44 = p, 5*p + 4*y - z = 131. Sup